 - -556. Let t = -451 - c. Is t prime?
False
Let r(v) = -v**3 + 41*v**2 - 193*v + 16. Is r(31) a composite number?
False
Let a(l) = -l**2 - 4*l + 5. Let d be a(-4). Suppose -455 = d*n - 2600. Suppose 0 = -0*r - 3*r + n. Is r a prime number?
False
Let l = -9 - 3. Is ((-98)/(-10))/(l/(-60)) composite?
True
Suppose 6*f + 868 + 98 = 0. Let c = -74 - f. Is c a composite number?
True
Is 243/405 + ((-121247)/(-5) - -1) prime?
True
Suppose -c = 5*d - 3970, 4*d + 5*c = -0*d + 3176. Is d a composite number?
True
Suppose -p - 2*h = 3*p - 20, 0 = -4*h - 16. Suppose -a + p - 4 = 0. Suppose a*b + 5*x - 1856 = -b, -5*x - 489 = -b. Is b composite?
True
Suppose 21418 = 4*m + 3*d, -18590 = -5*m - 2*d + 8179. Suppose m = 2*y + 1199. Is y prime?
False
Suppose 2*k - 5*y + 9 = 4*k, k + 2 = 4*y. Let r(v) = 3*v - 11 + 28 - k*v + 3*v. Is r(12) a prime number?
False
Suppose -5399 - 13466 = 5*j. Let f = j + 5712. Is f prime?
False
Let w(u) = -11*u**3 - u**2 - 4. Let m be w(-4). Let h = -400 + 159. Let t = h + m. Is t prime?
True
Suppose 0 = 4*d - 7*d + 1056. Suppose 5*y = 3*y - d. Is (3 - y)/(-1 - -2) a prime number?
True
Suppose 225*k - 227*k = -5726. Is k composite?
True
Is 2588/12 + 2/(-3) composite?
True
Suppose -10*m + 8*m = -6. Suppose m*s = 2*l - 903, -l + 3*s = -421 - 35. Is l a prime number?
False
Let m be (3 - 4)/((-4)/76). Suppose -2 = -q + 3*s, -4*s + m = 4*q - q. Suppose 0 = -3*h + 2*u + 201, -q*h - 5*u + 360 = -0*h. Is h composite?
True
Let o(w) be the second derivative of w**4/6 - 5*w**3/6 + 2*w**2 + w. Let t be (4/26 - 22/(-26))*11. Is o(t) a composite number?
False
Let p be (547 - (0 + 0)) + -11 + 9. Let k = p + 200. Is k prime?
False
Suppose 0 = 5*f - 2*t - 41, f = -2*t + 2 - 1. Suppose 680 = f*p + p. Is p a prime number?
False
Let t(b) = 16*b**3 - 4*b**2 + 21. Is t(5) a composite number?
True
Let f = -130 + -615. Let w = 1076 + f. Is w composite?
False
Let s(v) = v**3 + 40*v**2 - 5*v - 157. Is s(-35) composite?
False
Let y(l) be the third derivative of l**6/40 + l**5/12 - 7*l**4/24 - 11*l**3/3 + 4*l**2 - 3*l. Is y(9) composite?
True
Let s = -34 - -25. Is (4425/9 - 1) + (-3)/s prime?
True
Let x = 6881 - 912. Is x composite?
True
Suppose -5*o - 1090 + 8147 = 2*k, -4*o - 5*k + 5649 = 0. Is o prime?
False
Suppose -x + 0 = -3*o - 5, -3*o + 2*x = 1. Is 4438/56*(1 - 1*o) prime?
True
Let c = -12 + 14. Suppose 0 = 3*y - 6, 10 = 4*t - 2*y - c. Suppose -3 = h - 0, t*f = 4*h + 488. Is f a prime number?
False
Let a(z) = 71*z**2 + 2*z - 14. Suppose 7*r = -3*g + 3*r - 7, -5*g - 3*r - 19 = 0. Is a(g) composite?
True
Let f(q) = -9*q - 24*q**2 - 3 + 1000*q**2 + 5*q. Is f(-1) a composite number?
False
Suppose -3*i + 7 = -5. Suppose -477 + 177 = i*h. Let p = 113 + h. Is p a composite number?
True
Let l(v) = 6*v**2 + 50*v - 61. Is l(24) a composite number?
True
Suppose -7*j = -4*j - 3. Let g be (-6 + 2 - -3)/j. Is g/1 + 66/1 a composite number?
True
Let k be (24/14)/(10/3815). Suppose -3*q + 3171 = k. Is q composite?
False
Suppose 9*t = 24085 + 1016. Is t composite?
False
Suppose 2*q - 18*o - 2814 = -13*o, 5*q + 5*o - 6965 = 0. Is q composite?
True
Suppose 0 = -3*i - 2*i + 8620. Suppose -3*o = -i + 503. Is o prime?
False
Let r(d) = 724*d**3 + d**2 + d - 1. Let x be r(1). Suppose 0 = -3*s - 2*s + x. Is s composite?
True
Let k(z) = 42*z + 51*z - 72*z + z**2 - 2. Is k(19) prime?
False
Let l(f) = -f - 6. Let k be l(-4). Let t be (-3)/k*(-440)/(-12). Let n = -16 + t. Is n a prime number?
False
Let c be ((-5)/10)/(3/3246). Is 5/5*-1*c prime?
True
Suppose -2*y - j = 4*j + 1, 3*y - 4*j = 10. Suppose -y*n = 5*d - 203, -4*d + 9 = -3*n - 158. Is d/4 + (-6)/24 composite?
True
Let p = -12003 + 27446. Is p composite?
False
Let z(l) = 3*l - 1. Let r be z(5). Suppose -7*a = -6*a - r. Is a a prime number?
False
Suppose 0 = -5*h + 2*h, 4*h = -y + 2098. Let r = y + -1443. Is r a composite number?
True
Let z = -304 + 515. Is z a composite number?
False
Suppose 7*n = n + 3066. Is n composite?
True
Let l(h) = -2*h**3 + 11*h**2 - 11*h - 12. Let k(m) = m**3 - 10*m**2 + 10*m + 11. Let q(o) = 6*k(o) + 5*l(o). Let a be q(-4). Let x = a - 3. Is x a prime number?
False
Suppose y - q + 3 - 5 = 0, 0 = 4*y - 2*q - 10. Suppose 895 = -2*l + y*l. Is l a composite number?
True
Let u = 6 - 1. Suppose 784 - 5884 = -5*n. Suppose 1010 = 5*t + c, n = u*t + c + 2*c. Is t prime?
False
Suppose 5*c + 4*n = n, -5*c = -2*n - 25. Let i(l) = -2 + l**c + 6*l**2 - 4*l - 7 + 0*l. Is i(-6) a prime number?
False
Suppose -5*d - 4*t = -64183, -3*t + 2296 = 3*d - 36212. Is d a composite number?
True
Is 438348/8 - ((-25)/(-5))/(-10) prime?
False
Suppose -4*i + 50195 = 3*g, -5*i - 15971 - 17477 = -2*g. Is g a prime number?
True
Let j be -48*((-6237)/6)/(-7). Let b be j/(-26) + 6/(-39). Let t = b + -69. Is t composite?
True
Let f be 2/((4 - 0) + -3). Suppose -282 = -4*t - x, -f*t - 5*x = -2*x - 136. Is t a prime number?
True
Suppose 0 = -x + 2*k - 5*k + 21, -k + 95 = 4*x. Let a = -30 + x. Is (-3)/1 - (a + -262) prime?
False
Suppose 4*d + 23 = 5*f + 8, -29 = -2*f - 3*d. Let w be ((-81)/(-21) + -3)*f. Is 2/(-3)*(-4797)/w a composite number?
True
Suppose -2*t + 20 = -5*f - 7*t, 5*f - 7 = 4*t. Is f/(-3)*(1 - -110) a prime number?
True
Let m(x) = -110 + 30 + 34 - 6*x + 29. Is m(-22) a prime number?
False
Let n = -9 + 11. Suppose -n = -2*v, 5*v = -2*h + v + 2410. Is h composite?
True
Suppose 206 = 4*j - 3*t, -8*j + 2*t + 254 = -3*j. Is j - -9*6/(-18) composite?
False
Let l = 36 - 34. Let x = -3 - l. Let g(z) = -10*z**3 - 2*z**2 - 3*z - 4. Is g(x) a prime number?
False
Let w(i) = 7*i**3 + 3*i**2 - 2*i**2 + 3*i**2 + 3 - 6*i**3. Let g be w(-3). Is (83/3)/(g/36) composite?
False
Suppose -3*y - 5*i = -39, -4*y + 0*y - 2*i + 38 = 0. Suppose -2*v + y = -8. Is 7/(-28) - (-170)/v a prime number?
False
Suppose 4*g - 3*f = 8 + 3, -2*g = 3*f - 19. Suppose 5*p + n + 2*n = 2030, -5*p + 2070 = -g*n. Is p a composite number?
False
Suppose 58*z - 52613 = 47*z. Is z composite?
False
Suppose -191 = 4*w - 3139. Let z = w + -390. Is z composite?
False
Let l(m) = -6*m**3 + 23*m**2 + 102*m + 2. Is l(-9) a composite number?
True
Suppose 0 = -v - 11 + 5. Is (6/v)/((-1503)/(-753) - 2) a prime number?
True
Let o = -11946 + 28125. Is o a prime number?
False
Let n = -4464 + 6565. Is n prime?
False
Suppose 2*d = 4*g - 16, -g + 4*g - 26 = 5*d. Suppose -g*y - 4*f - 695 = -2185, 4*y + 3*f = 2995. Is y composite?
False
Let c(l) = l**2 - 5*l - 23. Let m be c(8). Let o(u) = 1172*u**2 - 6*u + 5. Is o(m) prime?
True
Let q(c) = -2*c**3 + 3*c**2 + 2*c + 2. Suppose 3*t = 4 + 2. Let f be 3/(-3) - (t + -1). Is q(f) prime?
False
Is 6354 + (-5)/(-1 - -6) prime?
True
Let w be (-3)/(-6) + (-29)/(-2). Suppose -17392 = -w*j - j. Is j a composite number?
False
Suppose 3*t - 4*p = -183, 0*p = 4*t - 3*p + 237. Let l = t - -35. Is (l/33)/((-2)/327) a prime number?
True
Let x(q) = -2*q**2 + 8*q - 1. Let s be x(4). Is (-3)/(-6)*(1107 + s) a composite number?
True
Let c(y) = y**3 + 17*y**2 + 4*y - 69. Is c(16) composite?
False
Suppose -5*s = -4*v - 1431, -3*v + s - 511 - 554 = 0. Suppose -7752 = -25*a + 5023. Let j = v + a. Is j composite?
False
Let y(h) be the second derivative of 41*h**4/12 + 8*h**3/3 - 23*h**2 + h + 5. Is y(5) a prime number?
False
Let u = -97 - -292. Suppose 4*k + w + 488 = 0, -2*w - 2*w - 137 = k. Let x = u + k. Is x prime?
False
Suppose 6*o - 10*o = -48. Is 6/(-9) + 668/o a prime number?
False
Suppose 0 = -4*v + 1 + 19. Let g be 13/v + (-2)/(-5). Is (-3525)/10*(-2)/g prime?
False
Suppose l - s - 17 = -5*s, -9 = -l - 2*s. Is 6069/6 + l/(-2) a composite number?
True
Let k = -65 - -39. Let y be (k/6 + 1)*3. Is (-205)/y + 6/(-4) a composite number?
False
Let q be ((-407)/(-3))/((-1)/(-3)). Let z(k) = -3*k**2 - 25*k - 6. Let d be z(-6). Let u = q + d. Is u composite?
False
Suppose 7*d - 15*d - 616 = 0. Let u = 2 + 9. Is (-20160)/d - (-2)/u a composite number?
True
Let z = 5099 - 2430. Is z composite?
True
Suppose x - 25*z - 1352 = -28*z, 12 = -4*z. Is x a composite number?
False
Let k(z) = -1032*z - 36. Let s be k(-11). Suppose 0 = -v + 4, 0*c + 2*v = 4*c - s. Is c a prime number?
False
Is (-5)/(-2) + (4 - 82890/(-36)) composite?
False
Let d(v) be the second derivative of v**5/20 - v**4/4 - v**3/3 - 7*v**2/2 + 7*v. Is d(6) composite?
False
Suppose 93*s = 98*s + 25. Is 